be ((-5)/(-2) - 1) + s/4. Let a(n) = 10*n + t - 15*n + 4*n. Give a(-7).
8
Let x(b) = b**3 + 12*b**2 + 10*b + 2. Suppose -79*v = -236 - 80. Suppose a + 58 = -5*t, -v*a + 43 = -5*t - 0. Give x(t).
13
Let n = 377 - 372. Suppose -4*h = 4*p - 20, 7 - 9 = -4*h + n*p. Let j(r) = r**3 - 2*r**2 - 5. Calculate j(h).
4
Let n = -7859 - -7853. Let x(u) = -2*u**2 - 10*u + 7. Calculate x(n).
-5
Let q(g) = -10*g**2 - 2*g**2 + 1 - 2*g + 0*g**2. Let r(k) = -65*k - 2339. Let u be r(-36). Give q(u).
-13
Let a(p) = -15*p + 37*p + 9*p - 41 + 43*p - 182. Calculate a(3).
-1
Let v(z) = -5*z**2 + 11. Let o = -188 - -187. Let w(q) = -q**2 + 2*q + 1. Let l(j) = o*v(j) + 6*w(j). Calculate l(8).
27
Let n(z) be the second derivative of -2*z**2 + 1/6*z**3 + 2*z + 0 + 1/6*z**4. Suppose -2*o + 2*q + 10 + 2 = 0, 5*q = 2*o - 21. What is n(o)?
17
Let z(n) = n + 26. Suppose -80*w - 204 = 916. Calculate z(w).
12
Let s(y) be the second derivative of -y**4/12 + 5*y**3/6 + y**2 - 12*y - 40. Calculate s(4).
6
Let z(x) be the third derivative of -2*x**4/3 + 35*x**3 - 2160*x**2. Determine z(13).
2
Suppose -5*k = 5*y - 120, -y - 4*y - 3*k + 122 = 0. Let f(t) = 15 + 7*t - t**2 + 12 - y. What is f(5)?
12
Suppose r + 3*r - 3*r = 0. Suppose m - 2*h = r, -h = -5*m - 9 - 18. Let a(v) = v**2 + 6*v + 2. Calculate a(m).
2
Suppose 11*j = 12*j + 18*j. Let l(r) = r**3 - r**2 - r + 15. What is l(j)?
15
Suppose 0 = 5*k - 3*w - 9621, 12 = -10*w + 14*w. Suppose -k*g = -1918*g. Let r(x) be the first derivative of -x**2/2 + 10*x + 3. What is r(g)?
10
Let x(p) be the second derivative of -p**4/12 + 5*p**3/3 - p**2 - 218*p + 3. Suppose -3*f + 7 = -32. Suppose 0 = -3*t + 17 + f. Determine x(t).
-2
Let a(g) = 58 - 2*g - 57 - 5*g - g + 164. Let k be a(20). Let t(f) = f - 7. Calculate t(k).
-2
Let i be (-3*1)/((-3)/(-2)). Let j = 179 + -177. Let f(z) = 67 + 4*z**2 - 68 - 2*z - 3*z**j. Determine f(i).
7
Let y(b) = -b - 4 - 4*b - 1 + 3. Let a be -1 + (-8 - -4 - -4). Determine y(a).
3
Let n(q) = -7*q + 1. Let m(j) = -14*j + 3. Let p(i) = 4*m(i) - 9*n(i). Let k(a) = -1. Let v(u) = -4*k(u) - p(u). Give v(1).
-6
Let t(j) = -16 + 12 - 21 - 34 + 111 + 2*j. Determine t(-32).
-12
Let i(y) = -4 - 2*y - 26 - 33 - 3 - 19. Calculate i(-34).
-17
Let c be ((-12)/(-15))/(6/60). Let t(n) = -872 + 2*n - 12*n + 867 - n**3 + 9*n**2. Calculate t(c).
-21
Suppose -3*c + 9 - 31 = b, -3*b - 2*c - 52 = 0. Let j(q) = -q + 13. Determine j(b).
29
Let h(g) = -g**2 - 9*g - 10. Suppose 15*c = 13*c - 168. Let b be (-32)/14 + 2 - (-564)/c. Give h(b).
4
Let u(t) be the first derivative of -14/3*t**3 + 0*t**2 + t + 63. Calculate u(1).
-13
Let o(g) = g**3 - 3*g**2 - 2*g. Let d be o(3). Let i(t) = -3*t**3 - 18*t**2 + 2. Let z be i(d). Let k(x) = -3*x**z + 4*x**2 + 22*x - 3 - 24*x. What is k(4)?
5
Let j = 20923 - 20926. Let k(z) = -z**3 - 2*z**2 - 2*z + 5. What is k(j)?
20
Let j(s) be the third derivative of -s**4/24 - s**3/6 - 20*s**2. Let w(n) = n**2 + 10*n + 10. Let c(r) = -6*j(r) - w(r). Suppose 0*q - q = 6. What is c(q)?
-16
Let z(m) = -12*m + 7. Let g(f) be the first derivative of -3*f**2 + 3*f + 6. Let t(q) = -5*g(q) + 2*z(q). Calculate t(-1).
-7
Let h(x) be the first derivative of 8*x**2 - 2*x + 141. Let c(m) = -28*m + 2. Let p(l) = 3*c(l) + 5*h(l). What is p(-2)?
4
Let z(x) = x**3 + x**2 - 8*x - 4. Suppose 218*i - 512 = 90*i. Determine z(i).
44
Let o = -126612 + 126610. Let m(s) be the second derivative of s**3/6 - s**2 + s. Determine m(o).
-4
Let v(n) = -95*n + 767. Let p be v(8). Let h(l) = 6*l - 38. Calculate h(p).
4
Let k(l) = l**2 - 3*l - 7. Suppose 106 = 9*m - 56. Suppose -13 = 5*h - m*h. Let b be h/2*19/((-114)/(-72)). Determine k(b).
11
Let g(i) = -5*i - 126. Suppose -24 = 12*p, -126*b + 62 = -129*b + 5*p. Calculate g(b).
-6
Suppose 6*a - 36 = 2*a. Let i(f) = 21 + 20 - 74 + 25 + 14 - f. What is i(a)?
-3
Let t(n) = 2*n**2 + 126*n - 65. Let s(a) = a**2 + 8*a - 6. Let v(r) = 11*s(r) - t(r). Determine v(4).
-9
Let x(h) be the first derivative of 226 + h + 1/2*h**2. Calculate x(-5).
-4
Let j(i) be the third derivative of -i**6/120 + i**5/12 - i**4/24 - i**3/3 - 2*i**2. Suppose -2*y - 18 = -4. Let l be (-15*y/(-42))/(3/(-6)). Calculate j(l).
-7
Let x(f) = -16*f + 6. Let z(i) = 3*i - 1. Let y be 14 - ((-3)/5)/((-1)/5). Let k(l) = y*z(l) + 2*x(l). Calculate k(-2).
-1
Let t(m) = -m**3 + 4*m**2 - m - 1. Let q(r) = r - 1. Let u(y) = y**2 + 3*y + 14. Let i(f) = 3*q(f) + u(f). Let z = 8 - 11. Let g be i(z). What is t(g)?
5
Let z(t) = -t. Let v(y) = 24*y + 337. Let m(j) = v(j) + 12*z(j). Determine m(-29).
-11
Let l(n) = n**2 + 9*n - 14. Let s(g) be the third derivative of g**4/8 - 25*g**3/6 + 13*g**2. Let y be s(5). Determine l(y).
-4
Let b(v) = 2*v**3 - 4*v**2 + 6 - 3*v**3 + 3*v**2 - v - 15. Let m = 256 + -256. What is b(m)?
-9
Let h(x) = -319*x + 6090. Let t be h(19). Let k(v) = -3*v + 22. Give k(t).
-65
Let x(m) = -4*m + 12. Suppose 6 - 3 = -3*f. Let w(v) = -v. Let p(o) = f*x(o) + 3*w(o). Let y be 11/((-5)/((-10)/2)). What is p(y)?
-1
Let m = -13 + 26. Let c = -9 + m. Let v(u) = -c + 5*u - u + 1 + 7. Calculate v(-3).
-8
Let c(y) be the second derivative of 1/3*y**3 + 17*y - 2 - 1/2*y**2. Determine c(4).
7
Let i(x) be the third derivative of x**4/8 + 41*x**2 + 2*x. Let w(n) = -n**2 - 6*n + 3. Let p be w(-6). Let z = 1 - p. Calculate i(z).
-6
Let d(p) = -18*p + 3. Let y(f) = -5*f + 1. Let h(r) = d(r) - 4*y(r). Suppose 29*n = -4*n - 264. Give h(n).
-17
Let f(v) = 2*v - 1. Let u = -670 + 674. Let h be (0 - -3) + u - (-3 + 5). Give f(h).
9
Let d(s) = -s**3 + 5611489*s - 5611489*s + 9 + 0 + 4*s**2. What is d(4)?
9
Let w be 5 + 3 + 0 + (-1 - 1). Suppose 17*h = -w*h. Let s(r) = -5*r + 9. Let x(y) = -4*y + 8. Let q(l) = -3*s(l) + 4*x(l). Calculate q(h).
5
Let f(b) = -39*b - 39. Let s(t) = -11*t - 11. Let m(y) = -5*f(y) + 18*s(y). Let n(q) = 2*q**2 - 4*q. Let x be n(-9). Let v = -200 + x. Determine m(v).
3
Let f = -3237 - -3249. Let k(n) = -n**2 + 11*n + 21. Determine k(f).
9
Let a(j) be the first derivative of -j**2/2 + 8*j + 512. Determine a(6).
2
Let a(o) be the first derivative of -o**3/3 - 29*o**2/2 + 20*o + 5003. Give a(-30).
-10
Suppose 0 = c + 3*n - 6 + 20, 5*n = c + 22. Let z = c - -21. Let y be -3*(z/3 + 0). Let q(h) = -3*h - 5. Determine q(y).
7
Let d(k) = -8*k + 102. Let s be 24 - 84/35*(-1 + 6). Calculate d(s).
6
Let o(u) = 4*u**3 + 14*u**2 + 7*u - 18. Let s(y) = y**3 + 5*y**2 + 2*y - 6. Let x(h) = -2*o(h) + 7*s(h). Let z be -1 - 141/(-18) - (-1)/6. Calculate x(z).
-6
Let d(k) = -13*k**2 + 129*k. Let b = 11873 + -11863. Calculate d(b).
-10
Let s = -416 - -392. Let p be 11*s/(-660) - (-36)/10. Let c(z) = -5*z + 5. What is c(p)?
-15
Let w(g) = 2*g**2 - 4*g - 25. Let m = -17445 + 17452. Calculate w(m).
45
Let d be ((-8)/10)/(2/(-10)). Let x(l) = 13686*l**2 + 2 + 65*l - 13685*l**2 - 64*l. Determine x(d).
22
Let s be (-8)/(-44) - 966/(-11). Suppose g + 0*g = s. Let n(f) = 1 + 176*f - 87*f - g*f. Calculate n(3).
4
Let p(c) = -c**3 - 6*c**2 + c. Let w = -16 + 29. Let k = -11 + w. Let l = -4 - k. Determine p(l).
-6
Suppose 5*c - 8 = -2*y, -4*c + 6*c + 4*y = 0. Let q(t) = -2*t**2 + 9*t - 1. Let s be q(c). Let f(x) = -2*x + 7. What is f(s)?
-11
Let t(c) = c**2 - 4*c. Suppose -10*w + 4 + 606 = 0. Let o = -61 + w. Suppose -14 = -5*j - y + 3*y, o = -y + 3. Calculate t(j).
0
Let t(i) = -2*i**2 - 10*i - 2. Let j = 3053 - 3060. Calculate t(j).
-30
Let u = 10149 + -10151. Let g(f) = f**3 + 5*f**2 + 2*f - 8. Give g(u).
0
Let q(r) = r**2 - 28*r + 54. Let w be q(2). Let a(s) = -36*s + 2. What is a(w)?
-70
Let m(t) = -t - 1. Let z(o) be the first derivative of -2*o**3/3 - 3*o**2 - 5*o + 72. Let k(f) = -6*m(f) + z(f). Let n be (-76)/28 + (-2)/7. Calculate k(n).
-17
Let a(v) = -3*v + 57. Let m be a(18). Let z(r) = r + 11*r**3 - 3 - 27*r**3 + 11*r**3 + 6*r**m + r**2. Calculate z(0).
-3
Let h(g) = -66*g - 570. Let z(k) = -33*k - 288. Let m(q) = -4*h(q) + 9*z(q). Determine m(-9).
-15
Let z(n) be the third derivative of -n**6/8 + n**5/60 + n**4/24 - n**3/6 + 1931*n**2 + n. Suppose 0 = -2*q + 2*u - 4, 5*q + 0*q = u + 2. What is z(q)?
-14
Let c(o) = 12*o + 2. Let s be (-6)/(-14) - -16*(-3)/(-84). Calculate c(s).
14
Let w(n) = -n**2 + 54 - 3*n + 7*n - 48 - 12. Calculate w(-3).
-27
Let w(r) = 2*r - 1. Suppose 0 = y + 4*k + 10, 2*y + 0*k = 5*k + 6. Let m be (y + -2)*(-